c - 5*a + 735. Calculate the greatest common divisor of c and 510.
30
Let x(u) = 5*u**2 + 147*u + 108. Let i be x(-27). Let y(l) = -66*l + 4. Let p be y(5). Let z = i - p. Calculate the greatest common factor of z and 10.
10
Let h = 16 + -4. Suppose 0 = 9*u - u + 424. Let t = u + 83. What is the highest common factor of t and h?
6
Let r = 3 + 9. Let s = 18932 - 18704. What is the greatest common divisor of r and s?
12
Let d be ((-9)/18)/(3/24). Let a be 19 - -2*((-10)/d + -3). What is the highest common divisor of a and 99?
9
Let y = 3979 + -3965. Suppose 5 - 75 = -2*l. Calculate the highest common factor of l and y.
7
Suppose 4*m + 123 = 3*b, 5*b - 47*m - 195 = -42*m. What is the greatest common factor of b and 69?
3
Let t be 130 - 1794/1495*(-5)/6*-2. Suppose -4*h = n - 296, 1110 + 52 = 4*n + 5*h. Calculate the greatest common divisor of n and t.
32
Let f be (21 + (-1220)/28)/(2/(-7)). Calculate the highest common factor of f and 2.
1
Let z be (-3238)/(-12) + 2/12. Suppose 0 = i + f - 22, i - 4*f - 39 - 8 = 0. What is the greatest common factor of z and i?
27
Suppose 3*s - 2*s - 162 = -3*d, 4*s = 0. Suppose -140*p - 522 = -227*p. What is the greatest common factor of p and d?
6
Suppose 30264 = 13*h + 4784. Calculate the highest common factor of 160 and h.
40
Let q = -21091 - -31669. Calculate the highest common divisor of q and 129.
129
Let d(o) = -o**3 - 5*o**2 + 4*o - 8. Let t be d(-6). Suppose -285*m + 283*m + 96 = -4*b, -3*b - 262 = -4*m. What is the highest common divisor of t and m?
4
Suppose 2*a - 2000*l - 504 = -2004*l, 3*l = -a + 258. Calculate the highest common factor of a and 290.
10
Let g = -109 - -244. Suppose 4*c + 12 = 0, 2*a = 20*c - 21*c + 1131. Let d = -513 + a. What is the greatest common divisor of g and d?
27
Let y(v) = 169*v + 2053. Let s be y(-12). What is the greatest common divisor of s and 12?
1
Suppose -5052*i = -5060*i + 312. Calculate the greatest common factor of 377 and i.
13
Let x(l) = 51*l**2 + 22*l + 134. Let i be x(13). What is the highest common factor of 69 and i?
69
Suppose -2*m - 77 + 17 = 0. Let w(t) = 103*t**2 - 35*t - 33. Let s be w(-1). Let x be (-14)/s - 9574/m. What is the highest common divisor of 29 and x?
29
Suppose 17*a - 1341 = 1105 + 1685. Let g = -7 + 16. What is the highest common factor of a and g?
9
Let w = 42 - 36. Suppose w*o - 1687 = 95. What is the highest common divisor of 33 and o?
33
Suppose 132 = 4*p - 4*n, 4*n + 6 + 27 = p. What is the highest common divisor of 2090 and p?
11
Suppose 58 = 5*w - 262. Let s be (w/3)/(-1 - (-15)/9). Calculate the greatest common factor of 20 and s.
4
Let w(x) = 2*x**3 + 5*x**2 - 66*x - 5. Let j be w(5). What is the greatest common divisor of 142 and j?
2
Let z = 3345 + -3341. Calculate the greatest common divisor of z and 716.
4
Let h(s) = s**2 + 3*s + 52. Let k be h(0). Let q be 403/k - 1/(-4). Suppose -z - 3*o + 179 = z, 174 = 2*z - 2*o. What is the highest common divisor of q and z?
8
Let k(f) = 121*f + 412. Let m be k(6). What is the highest common divisor of 2 and m?
2
Suppose -y + 953 = c, -80*c = -2*y - 75*c + 1955. What is the greatest common factor of 260 and y?
20
Suppose -u = 2*u - 4*g - 36, u + g = 12. Let o be (-74)/(-2) - ((u - 16) + 1). Calculate the highest common divisor of 8 and o.
8
Suppose -50*q + 8838 + 898 = 1636. Let m(y) = -36*y. Let u be m(-1). What is the highest common divisor of q and u?
18
Let r be (-20)/(1*1/(-4)). Let q = 485 - 450. Let b = 155 - q. Calculate the highest common divisor of r and b.
40
Let w = 12156 + -6990. Calculate the highest common divisor of w and 126.
126
Let v(j) = -11*j + 383. Let x be v(-27). Calculate the greatest common factor of x and 16.
8
Suppose 0 = u - 4*y - 45, -2*u - 3*y = -49 - 8. Let w = u + -3. What is the highest common divisor of 24 and w?
6
Let j = 15 - 13. Let i = -26 - -31. Suppose -j*h = y - 8, -i*y - 44 = -3*h - h. What is the greatest common factor of 9 and h?
3
Let f(r) = 12*r - 21. Let x be f(5). Calculate the highest common factor of x and 4706.
13
Let u = -13045 + 13048. Let b(l) = 10*l - 1. Let c be b(4). What is the highest common divisor of c and u?
3
Let b be (2 + -3)/(1/111). Let c be 74/b + (-14)/(-3). Calculate the highest common divisor of 52 and c.
4
Let w = -5344 + 5388. What is the greatest common factor of w and 1408?
44
Let j be 6*2/6*(-237)/2. Let v = 405 + j. What is the highest common factor of 24 and v?
24
Let g(s) = 127*s - 716. Let v be g(15). Calculate the highest common factor of v and 123.
41
Suppose 5*l - 5 = 0, 3*i - 11470 = -63*l + 65*l. Calculate the greatest common divisor of i and 8.
8
Suppose 5*b = 7*z + b - 772, z - 112 = b. Calculate the highest common factor of z and 1323.
27
Suppose 992*l - 983*l - 1080 = 0. What is the highest common factor of 230 and l?
10
Suppose 450 = 17*q - 43. Let a(b) = -69*b + 25. Let n be a(-3). Calculate the greatest common divisor of n and q.
29
Let o(z) = -4*z**3 + 6*z**2 - 7*z - 1. Let p be o(6). Let j = 1959 + p. Let u be 2/(-15) + 3/(180/j). What is the highest common divisor of u and 21?
21
Let d be (-8)/((350/(-525))/(40/3)). Calculate the highest common divisor of d and 2336.
32
Let w = -867 - -7100. What is the greatest common factor of 23 and w?
23
Let d = -182 - -198. Suppose -305 = -d*v + 1487. What is the greatest common divisor of 32 and v?
16
Suppose -48*t + 47*t = 42. Let r be 2 - 7/(t/60). What is the highest common divisor of 444 and r?
12
Let r(g) = -g**2 + 15*g + 54. Let u be r(15). Let d be -4*3/u + 2800/(-36). Let q = 104 + d. What is the highest common factor of 13 and q?
13
Let w = -3952 + 4432. Calculate the highest common factor of w and 75.
15
Suppose -158*y + 2863 + 6313 = 486. Let o(j) = 7*j**2 + 10*j + 14. Let i be o(-2). What is the greatest common factor of y and i?
11
Suppose -2*g + 5*g - 528 = 0. Suppose -2*j - f - f = -40, -3*j = -2*f - 70. Calculate the greatest common divisor of g and j.
22
Suppose -5*x + 2*s = -6*x + 45, 2*s + 285 = 5*x. Suppose -x*d = -62*d + 70. Calculate the greatest common factor of 160 and d.
10
Suppose 32*s = -7*s + 69 + 126. What is the greatest common divisor of 340 and s?
5
Suppose -23*j + 1000 = 2*j. Let l(y) be the second derivative of -47*y**3 - y**2 + 9*y. Let c be l(-1). What is the highest common factor of j and c?
40
Let w be (-90)/(-25)*(1 + 4). Let m(p) = 144*p**2. Let u be m(-1). Calculate the greatest common divisor of u and w.
18
Let j = 7802 - -7710. Calculate the greatest common divisor of j and 56.
56
Let d(r) = r**2 + 6*r - 1. Let u be d(-7). Let t be (27/u - 4)*6. Suppose -t*p + 12 = -2*p. Calculate the greatest common factor of 12 and p.
12
Suppose 171 = 3*f + q - 29, 4*f = 2*q + 260. What is the highest common divisor of f and 210?
6
Suppose -2*q = -q + 1. Let n(m) be the first derivative of m**3/3 - m**2/2 - 121. Let c be n(q). Calculate the highest common factor of 18 and c.
2
Let p(u) = 3*u**2 - 48*u + 5. Let l be p(16). Suppose 4 = -z + 3*a, 59 - 11 = l*z + 2*a. Calculate the greatest common divisor of z and 200.
8
Let h(c) = 11*c + 214. Let w be h(-18). Suppose 5*l + 2*b - 235 = 0, -231 = -5*l + 2*b - w. What is the highest common factor of l and 27?
9
Suppose 0 = -4*w + 5*u + 2068, 297*w - 296*w - 552 = 10*u. Suppose 3*a - 2*m + 7*m - 91 = 0, -3*m = 3. Calculate the highest common factor of w and a.
32
Suppose -3*k + 4*k = -3, -2*y - 362 = 2*k. Let o = 54 - y. Calculate the highest common divisor of 8 and o.
8
Let c = -31472 + 48496. Calculate the greatest common divisor of 32 and c.
32
Let z(m) be the third derivative of 307*m**4/24 - 29*m**3/6 - 93*m**2. Let j be z(2). What is the greatest common factor of j and 65?
65
Let s = -16775 + 19581. Calculate the greatest common divisor of 488 and s.
122
Let f = -378 - -357. Let m be ((-8)/3)/((3 + -2)/f). What is the greatest common divisor of 8 and m?
8
Suppose -62*s = 3623 - 59733. What is the highest common factor of 25 and s?
5
Suppose 91*v = 236 + 4132. Calculate the highest common divisor of 3072 and v.
48
Suppose 0 = -22*o + 1657 + 15. What is the highest common factor of 17062 and o?
38
Let j(t) = 7*t**3 + t**2 - t + 1. Let v be j(-2). Let q be (4/((-12)/417))/(-1). Let n = v + q. Calculate the highest common factor of 60 and n.
30
Suppose 4*i = -4*w + 58452, 3*i 